w*t. What is the units digit of a?
0
Let i = 543 + -380. What is the tens digit of i?
6
Let l = -6 + 3. What is the tens digit of (-71)/l - (-14)/(-21)?
2
Suppose 3*b - 43 = 2*p - 9, b = p + 12. Let a be 56/b - 12/(-30). Let h = -4 + a. What is the units digit of h?
2
Suppose 2*o = -5*b - 20, 0 = -2*o + 3*b - b + 8. Suppose o*x = -3*x + 27. What is the units digit of x?
9
Suppose -4*u + 40 = -480. What is the hundreds digit of u?
1
Suppose m - 8 = 4. What is the tens digit of 4/6*450/m?
2
What is the tens digit of 50/125 - 476/(-10)?
4
Let q(n) = 7*n - 2. Let d(t) = -1 + 4*t - t + 4*t. Let l(u) = -4*d(u) + 3*q(u). What is the tens digit of l(-2)?
1
Suppose 3*y - 280 = 179. What is the hundreds digit of y?
1
Let d = -23 + 43. Let l = 4 + d. What is the units digit of l?
4
Let p(a) = 4*a**3 + 2*a**2 + 2*a - 3. What is the tens digit of p(2)?
4
Suppose f - 20 = -a, a + 4*f - 4 = 1. What is the units digit of a?
5
Let z(a) = a**3 + 5*a**2 - 7*a - 9. Let b(u) = u - 6. Let g be b(0). Let t be z(g). What is the units digit of (-3)/t + 12/2?
7
Let r = 1 + 31. Let u = r + -20. What is the tens digit of u?
1
Suppose 2*y = -y + 432. What is the hundreds digit of y?
1
Suppose 2*n + 0*r = 4*r + 148, -n - 2*r + 66 = 0. What is the units digit of n?
0
Let m(a) = -a**2 - a + 6. Let f be m(-5). Let g be (-2)/7 - (-304)/f. What is the units digit of (-180)/g + (-2)/11?
8
Suppose -2*v = 4*n - 64, -4*n + 4*v = -23 - 29. Let u = -11 + n. What is the units digit of 12/(-9)*(-6)/u?
2
Suppose -27 = -5*x + 88. Suppose x = 3*k - 19. What is the tens digit of k?
1
Suppose 7 = -4*t - 1. Suppose -f + x + 2*x = -13, 15 = -5*x. Let q = t + f. What is the units digit of q?
2
Suppose 0*w = 3*w + 3*z + 93, 4*z = -3*w - 95. Let l = w + 47. What is the tens digit of l?
1
Suppose -s - 105 = -6*s. What is the units digit of s?
1
What is the units digit of (0 - 3/(-6))*202?
1
Suppose 5*s + 615 = 4*c + 2*s, 0 = 2*c - 4*s - 320. What is the units digit of c?
0
Suppose 6*g - g = -5. Let j be g*(-7)/(-2)*-6. Suppose -t + 4*t = j. What is the units digit of t?
7
Suppose -9 = -5*p + 11. Suppose 4*i + 2 = p*t - 3*t, i - 4*t = 7. Let b = 6 + i. What is the units digit of b?
5
What is the units digit of (2/(-4))/(9/(-954))?
3
Suppose 0 = -4*s + 7*s - 717. What is the units digit of s?
9
Suppose 0 = -15*j + 10*j + 650. Suppose 5*t - j = -5*b, 0 = -2*t - 5*b + 4*b + 55. What is the tens digit of t?
2
Let b(k) = -2*k + 16. Let r be b(11). What is the units digit of 2 - 2*3/r?
3
Suppose -5*j - 11 + 51 = 0. What is the units digit of j?
8
Suppose -5*q = 2*o + 3*o - 100, -3*o + 32 = -4*q. Suppose 0 = -3*g + 2*d + o, -10 + 2 = -g - 2*d. Suppose g*u - 16 = 2*u. What is the units digit of u?
4
Let o be 1*0*(3 - 2). Suppose j - 5*j + 12 = o. What is the units digit of j?
3
Let w(u) = -1 - 1 + 3 + 3*u**2 - 2*u + 2*u**2. What is the units digit of w(1)?
4
Suppose 0*u + 2*u + 6 = 0. What is the units digit of (18/u)/(-1 + -1)?
3
Let k be ((-2)/(-6))/((-13)/(-156)). What is the units digit of (-110)/(-33) + k/6?
4
Let a(d) = 17*d - 1. Let j be a(-1). Let z be 0/(-1 - 2) - j. Suppose -5*f = -20, -r + 5*f - z = -2. What is the units digit of r?
4
Let b = -24 - -141. Let i = b - 70. What is the tens digit of i?
4
Let j = 54 - 38. What is the tens digit of j?
1
Let a(x) = -x**2 + 3. Let p be a(0). Let q be p/(-9) + 3/9. Suppose -d - 8 + 30 = q. What is the units digit of d?
2
Let d = -12 + 36. What is the units digit of d?
4
Let o(i) = i**3 + 10*i**2 - 10*i + 3. What is the hundreds digit of o(-10)?
1
Suppose v - 415 = -5*m, -4*m + 5*v = -10 - 322. What is the tens digit of m?
8
Let h(v) = -v**2 + 5*v + 8. Let s be h(6). Suppose -s*w + 6*w = 4. What is the units digit of ((-7)/1)/(w/(-1))?
7
Suppose -l - 81 = -2*o - 0*o, 0 = 3*o - 2*l - 119. What is the tens digit of o?
4
Let g(p) = 6*p + 16. What is the tens digit of g(5)?
4
Let h = 17 - 2. Let g = 3 + h. What is the units digit of g?
8
Suppose 2*w = -w + 6. What is the units digit of w?
2
Let f(s) = s**3 - 2*s**2 + s + 51. What is the tens digit of f(0)?
5
Let h(g) = g**3 + 4*g**2 + 2*g + 2. Let a be h(-3). Let v be (-4)/5*a/(-2). Let x = 13 + v. What is the units digit of x?
5
Suppose p - 9 = -3. Let k = p - 5. Let v = 2 + k. What is the units digit of v?
3
Suppose 7*i - 3*y = 2*i + 35, -5*i - 5 = 5*y. Suppose i*r + r = 0. Let z = r - -1. What is the units digit of z?
1
Let g(z) = -z**3 + 6*z**2 - 7*z + 4. Let x(c) = c**3 - c**2 + 2*c - 1. Let d be x(1). Let h = d + 3. What is the units digit of g(h)?
8
Let w be (2/4)/(2/8). Let d be 2/((4/w)/8). What is the units digit of 3/(-12) - (-42)/d?
5
Let v(l) = 7*l**2 + 2*l - 1. Let y be v(3). Let o = y + -47. What is the units digit of o?
1
What is the units digit of (3 + -1)/((-1)/(-13))?
6
What is the tens digit of 19*5 - (-4)/(-4 + 3)?
9
Suppose 2*n - 341 = -115. What is the units digit of n?
3
Let o be (-1)/2*(6 + -2). Let u = 10 + o. What is the units digit of u?
8
Suppose -5*m - 8 = -m - a, -m - 4*a + 15 = 0. Let l be 2 + (2 + m - 4). What is the units digit of 4/(-3)*(-7 - l)?
8
Let l = 16 + -11. Let r = 130 + -110. Suppose r = -l*c + 110. What is the units digit of c?
8
Suppose -13*f = -11*f - 170. What is the units digit of f?
5
Let p(q) = q**3 - q**2 + q + 18. Let n be p(0). Let i = n - 12. What is the units digit of i?
6
Let w(z) = -z**3 - 9*z**2 + 10*z + 2. Let l be w(-10). Suppose 1 = 3*g - l. What is the units digit of g?
1
What is the tens digit of (9*3)/(((-11)/(-8))/11)?
1
Suppose -140 = -l - 2*p, p + 265 = -l + 3*l. What is the tens digit of l?
3
Suppose 0 = 4*b - 5*q - 631, 0*q - 638 = -4*b - 2*q. What is the tens digit of b?
5
What is the tens digit of 0/(2 + -4) - (-72 - -2)?
7
Let l = -2 + 13. What is the tens digit of l?
1
Let y = -10 - -15. Suppose 3*t - 77 = -t - y*z, 4*t = -3*z + 83. What is the units digit of t?
3
Let n(v) = 0 + v + v**3 + 0 - v**2 + v**3. Let d(x) = -x + 6. Let c be d(5). What is the units digit of n(c)?
2
Let b be 2/4 - (-18)/4. Suppose -b*q - 25 = 0, -4*y + 0*y = 4*q - 96. What is the tens digit of y?
2
What is the units digit of 36/30*(-10)/(-6)?
2
Let t(l) = 3 + 9 + 4 - l**3 - 6 + 6*l**2 + 8*l. What is the units digit of t(7)?
7
Suppose 4*n - o + 20 = 3*o, 2*o + 60 = -5*n. Let m be (n - 0)*(-2)/5. Suppose 0*w = -m*w + 24. What is the units digit of w?
6
Let u(n) = -2*n - 1. Let h be u(1). Let g = h + 5. Let r = 12 - g. What is the units digit of r?
0
Suppose -5*x + 106 = -2*n, -3*n + 0*n = -5*x + 104. What is the tens digit of x?
2
Suppose 0*r = -z - 2*r + 37, 4*z - 170 = 3*r. What is the tens digit of z?
4
Let w(l) = l + 2. Let u be w(-5). Let f = 9 + u. What is the units digit of f?
6
Suppose d - 23 = -14. Suppose 2*u + d = 5*u. What is the units digit of u?
3
Let h be -1 - (1 + 1) - 90. Let i = -58 - h. What is the tens digit of i?
3
Let z = -1 - -78. What is the units digit of z?
7
What is the tens digit of (-13)/(2 + 21/(-9))?
3
Suppose -25 = -3*h - 2*h. Suppose -h*a + 60 = -3*d, -4*d + 16 - 79 = -a. What is the units digit of ((-16)/5)/(3/d)?
6
Let g(d) = d**3 - 8*d**2 - 5*d + 10. What is the tens digit of g(9)?
4
Let n be (-12)/(-16) + 357/4. Suppose m = -4*m + n. What is the tens digit of m?
1
Suppose -4*x + 7*x = 267. What is the units digit of x?
9
Let w be (-144)/(-20) - (-1)/(-5). Let k(u) = u**3 - 5*u**2 - 10*u. Let d be k(w). Suppose 0 = -3*t - t + d. What is the units digit of t?
7
Suppose -r - 1 = 2. Let x(p) = 2*p + 4. Let v be x(r). What is the tens digit of 9 + 2 + (-2 - v)?
1
Let c be -3 - (-1 - (1 - -1)). Suppose 4*m - 32 - 32 = c. What is the units digit of (m/(-10))/((-2)/5)?
4
Let c(k) = -k + 1. Let b be c(2). What is the tens digit of b + 3 + 23 + -9?
1
Suppose 0*g - g - 27 = 0. Let r = g - -53. What is the units digit of r?
6
Let o(u) = -u**2 - 4*u + 1. Let k be o(-3). Suppose -k*f = -5*f + 8. What is the units digit of f?
8
Let t(k) = 18*k - 19. Let w be t(6). Let x = -55 + w. What is the tens digit of x?
3
Let z = 4 + -3. Let g be 2 - 0 - (-24 + z). Suppose -2*p - 2*p = -5*w - 45, 3*p = 2*w + g. What is the units digit of p?
5
Let x(n) = -2*n + 3*n + 7 - 2*n + 3. Let g be x(0). What is the units digit of (-2)/(-2)*(g - 2)?
8
Suppose -3*c + 27 = 5*u, -3*c + 6*u - 3 = u. Suppose 6*d = c*d + 30. What is the tens digit of d?
1
Let r =